71
What are the prime factors of 100122?
2, 3, 11, 37, 41
List the prime factors of 8520419.
23, 61, 6073
What are the prime factors of 1567974?
2, 3, 261329
What are the prime factors of 3326593?
3326593
What are the prime factors of 3662061?
3, 13, 31, 233
What are the prime factors of 1778524?
2, 11, 83, 487
List the prime factors of 19994999.
1373, 14563
What are the prime factors of 623207?
13, 47939
List the prime factors of 669596.
2, 17, 43, 229
List the prime factors of 5791.
5791
What are the prime factors of 23938698?
2, 3, 7, 47, 67, 181
What are the prime factors of 14155769?
787, 17987
What are the prime factors of 1267362?
2, 3, 181, 389
List the prime factors of 23934994.
2, 11967497
List the prime factors of 333321.
3, 137, 811
List the prime factors of 9444785.
5, 7, 269851
List the prime factors of 103169.
11, 83, 113
What are the prime factors of 9768644?
2, 1429, 1709
List the prime factors of 4329191.
4329191
List the prime factors of 3937067.
3937067
List the prime factors of 50129.
50129
List the prime factors of 8379245.
5, 7, 23, 1487
What are the prime factors of 137413?
137413
What are the prime factors of 349090?
2, 5, 7, 4987
List the prime factors of 496362.
2, 3, 82727
List the prime factors of 16976670.
2, 3, 5, 565889
List the prime factors of 1273101.
3, 43, 71, 139
List the prime factors of 1683236.
2, 420809
What are the prime factors of 288973?
288973
What are the prime factors of 12673054?
2, 1579, 4013
List the prime factors of 73188.
2, 3, 19, 107
What are the prime factors of 2631183?
3, 83, 10567
List the prime factors of 2274789.
3, 11, 29, 2377
What are the prime factors of 237893?
233, 1021
List the prime factors of 14807316.
2, 3, 1061, 1163
List the prime factors of 755254.
2, 89, 4243
List the prime factors of 54046.
2, 61, 443
List the prime factors of 3193134.
2, 3, 7, 10861
List the prime factors of 124836.
2, 3, 101, 103
What are the prime factors of 44606?
2, 22303
List the prime factors of 4544269.
1987, 2287
List the prime factors of 33304.
2, 23, 181
List the prime factors of 10397655.
3, 5, 19, 12161
What are the prime factors of 222279?
3, 74093
List the prime factors of 1130088.
2, 3, 47087
List the prime factors of 3947102.
2, 1213, 1627
What are the prime factors of 3530389?
3530389
List the prime factors of 820483.
43, 19081
List the prime factors of 975620.
2, 5, 48781
List the prime factors of 168415.
5, 13, 2591
List the prime factors of 1665053.
13, 263, 487
What are the prime factors of 883982?
2, 11, 23, 1747
List the prime factors of 681479.
17, 40087
What are the prime factors of 207002?
2, 29, 43, 83
List the prime factors of 1133316.
2, 3, 31481
List the prime factors of 2220962.
2, 37, 30013
List the prime factors of 33388.
2, 17, 491
What are the prime factors of 549425?
5, 21977
List the prime factors of 7318680.
2, 3, 5, 71, 859
List the prime factors of 142982.
2, 7, 1459
What are the prime factors of 34868?
2, 23, 379
List the prime factors of 320468.
2, 113, 709
What are the prime factors of 4992891?
3, 31, 37, 1451
What are the prime factors of 1198545?
3, 5, 79903
What are the prime factors of 875098?
2, 7, 62507
What are the prime factors of 6416098?
2, 13, 246773
What are the prime factors of 3848492?
2, 103, 9341
What are the prime factors of 2514905?
5, 151, 3331
List the prime factors of 23726.
2, 11863
What are the prime factors of 831056?
2, 51941
What are the prime factors of 5641121?
5641121
List the prime factors of 20766210.
2, 3, 5, 631, 1097
List the prime factors of 374675.
5, 7, 2141
List the prime factors of 132492.
2, 3, 61, 181
What are the prime factors of 2978882?
2, 1489441
What are the prime factors of 18659059?
41, 455099
List the prime factors of 10645112.
2, 89, 14951
List the prime factors of 1578413.
683, 2311
List the prime factors of 585460.
2, 5, 73, 401
What are the prime factors of 2544224?
2, 43
What are the prime factors of 36184928?
2, 13, 6691
What are the prime factors of 344615?
5, 157, 439
What are the prime factors of 867787?
19, 45673
List the prime factors of 17783727.
3, 13, 455993
List the prime factors of 1796337.
3, 67, 331
What are the prime factors of 45362?
2, 37, 613
What are the prime factors of 615013?
7, 103, 853
What are the prime factors of 428512?
2, 7, 1913
What are the prime factors of 22618161?
3, 197, 12757
What are the prime factors of 229563?
3, 23, 1109
List the prime factors of 679994.
2, 7, 48571
List the prime factors of 15078887.
15078887
List the prime factors of 861878.
2, 19, 37, 613
What are the prime factors of 19276787?
19276787
What are the prime factors of 316879?
316879
What are the prime factors of 111963?
3, 37321
What are the prime factors of 1597102?
2, 13, 19, 53, 61
What are the prime factors of 12409564?
2, 29, 106979
What are the prime factors of 408334?
2, 61, 3347
List the prime factors of 905114.
2, 7, 17, 3803
List the prime factors of 7655469.
3, 2551823
List the prime factors of 25161713.
73, 344681
What are the prime factors of 1123861?
257, 4373
List the prime factors of 442300.
2, 5, 4423
List the prime factors of 272793.
3, 90931
What are the prime factors of 9488493?
3, 7, 150611
What are the prime factors of 516678?
2, 3, 86113
What are the prime factors of 27446301?
3, 3049589
List the prime factors of 841593.
3, 23, 12197
List the prime factors of 515101.
467, 1103
List the prime factors of 3052336.
2, 7, 27253
List the prime factors of 2492987.
7, 356141
List the prime factors of 170796.
2, 3, 43, 331
List the prime factors of 2881774.
2, 7, 43, 4787
What are the prime factors of 321903?
3, 47, 761
List the prime factors of 27613850.
2, 5, 11, 50207
List the prime factors of 1265587.
53, 23879
List the prime factors of 6098259.
3, 19, 83, 1289
List the prime factors of 39684265.
5, 241, 32933
What are the prime factors of 10050338?
2, 953, 5273
List the prime factors of 2416224.
2, 3, 25169
What are the prime factors of 884547?
3, 181
What are the prime factors of 23671175?
5, 11, 86077
List the prime factors of 196214.
2, 17, 29, 199
What are the prime factors of 36597761?
23, 1591207
List the prime factors of 1577066.
2, 421, 1873
List the prime factors of 17720450.
2, 5, 11, 29, 101
What are the prime factors of 223044?
2, 3, 18587
List the prime factors of 197631.
3, 7, 3137
List the prime factors of 2203828.
2, 11, 50087
What are the prime factors of 2412084?
2, 3, 201007
What are the prime factors of 213796?
2, 11, 43, 113
What are the prime factors of 317640?
2, 3, 5, 2647
List the prime factors of 61225.
5, 31, 79
List the prime factors of 126770.
2, 5, 7, 1811
What are the prime factors of 860421?
3, 17, 16871
List the prime factors of 542102.
2, 11, 41, 601
List the prime factors of 20491.
31, 661
What are the prime factors of 3219372?
2, 3, 13, 2293
What are the prime factors of 104881?
7, 14983
What are the prime factors of 307449?
3, 59, 193
List the prime factors of 424226.
2, 11, 1753
What are the prime factors of 28718146?
2, 14359073
List the prime factors of 11120118.
2, 3, 223, 8311
List the prime factors of 10693242.
2, 3, 7, 28289
What are the prime factors of 147584?
2, 1153
List the prime factors of 192341.
192341
List the prime factors of 59779.
59779
What are the prime factors of 1375567?
1375567
What are the prime factors of 408695?
5, 7, 11677
List the prime factors of 33189.
3, 13, 23, 37
What are the prime factors of 397588?
2, 99397
What are the prime factors of 12343386?
2, 3, 11, 29, 6449
What are the prime factors of 1206754?
2, 127, 4751
List the prime factors of 331279.
13, 17, 1499
List the prime factors of 121354.
2, 47, 1291
What are the prime factors of 1531613?
73, 20981
What are the prime factors of 683397?
3, 11, 13, 59
List the prime factors of 7413927.
3, 2471309
List the prime factors of 4347370.
2, 5, 79, 5503
What are the prime factors of 206527?
206527
List the prime factors of 7484569.
251, 29819
What are the prime factors of 18338365?
5, 3667673
List the prime factors of 2509806.
2, 3, 13, 23, 1399
List the prime factors of 223663.
11, 20333
List the prime factors of 989146.
2, 89, 5557
What are the prime factors of 6446536?
2, 17, 107, 443
What are the prime factors of 184726?
2, 92363
List the prime factors of